 - b/2)*2. Calculate the highest common divisor of o and 15.
3
Let z = 4 + -4. Suppose z = -2*o - 4*f + 136, -3*o = -f + 5*f - 196. What is the highest common factor of 15 and o?
15
Let t be 2/4 + 109/(-2). Let u = t - -104. Let a be -2 + 2 - (1 - 11). What is the greatest common divisor of a and u?
10
Let g = -14 + 21. Calculate the highest common divisor of 56 and g.
7
Suppose 5*n - c - 510 = 4*c, 5*c + 412 = 4*n. What is the highest common divisor of n and 14?
14
Let u be (3/(-9))/((-2)/66). Let y = 20 - u. Calculate the highest common divisor of 9 and y.
9
Let u(j) = -j - 6. Let v be u(-8). Let i be 4 + (-2 - v/2). Let p = 2 - i. Calculate the highest common factor of p and 1.
1
Let g be 0/(-1 + 2/(-2)). Suppose -3*o = 3*x - 42, 4*x - 2*o = -g*x + 32. Calculate the highest common factor of x and 80.
10
Suppose 2 = -p + 13. What is the highest common divisor of p and 22?
11
Let w = 113 + -59. Calculate the highest common divisor of 6 and w.
6
Let w be 224/6 + (-2)/(-3). Suppose -2*z + 120 - 348 = 0. Let i be (z/(-4))/((-1)/(-2)). What is the greatest common factor of w and i?
19
Let k be ((-4)/5)/((-5)/25). Suppose u = k*o - 33, -4*o - 3*u = -o - 6. Calculate the greatest common divisor of o and 49.
7
Suppose 4*x = 355 - 19. What is the highest common factor of x and 21?
21
Suppose 0 = 6*h - 9*h + 39. Calculate the highest common divisor of 91 and h.
13
Let q = 72 + -48. What is the greatest common divisor of 60 and q?
12
Let w(c) = 11*c - 18. Let i be w(6). Calculate the highest common divisor of i and 120.
24
Suppose 8*w = -126 + 414. What is the highest common factor of 18 and w?
18
Let m be (-2)/(-4) - (-40)/16. Suppose 12 = m*c - c. What is the greatest common factor of 2 and c?
2
Let a(m) = -2*m - 1 + 5*m - 2. Let q = 17 + -11. Let l be a(q). What is the greatest common divisor of l and 30?
15
Let u = 19 + 45. Suppose 3*i - 1 = 23. What is the greatest common factor of i and u?
8
Suppose 4*m = 11 + 9. Suppose -136 - 524 = -m*a. Calculate the highest common divisor of 12 and a.
12
Let u(x) be the third derivative of x**5/60 - 5*x**4/24 - x**2. Let h be u(6). Calculate the highest common divisor of 54 and h.
6
Let u(m) = -5*m - 88. Let f be u(-27). What is the greatest common divisor of f and 329?
47
Let l(a) = 23*a**2 - a. Let h be (-2)/(-1) - (-2 + 0). Suppose -2*o = 2*m + h, o = 2*m + m + 10. Let b be l(o). What is the highest common divisor of b and 242?
22
Suppose j - 37 - 93 = s, -2*j = 4*s - 260. Let i = 5 - 3. Suppose 13 = i*d - d. Calculate the greatest common factor of j and d.
13
Let x be (-2)/(-1 + 76/20 + -3). Calculate the greatest common factor of 40 and x.
10
Suppose -v + 3*v - 8 = 0. Suppose 0 = 2*p + 4*o + 284, -3*o - 680 = 5*p + o. Let f be (10/15)/((-2)/p). What is the greatest common factor of f and v?
4
Let c be (31 + -2)/(3 + -4). Let s = -15 + -3. Let a = s - c. What is the greatest common divisor of 11 and a?
11
Suppose 2*y = -3*d - d - 6, 0 = -3*d - 15. Calculate the highest common divisor of 35 and y.
7
Suppose 2*w = -2*w + 60. Suppose -3*t + 26 + 9 = 5*b, 4*t - 5*b = 35. Calculate the greatest common divisor of w and t.
5
Let h(r) = 8*r + 2. Let z be h(2). Calculate the greatest common divisor of z and 27.
9
Let y be 140/6*(0 + 3). Suppose -3*m - 3 = 3*q + 6, 0 = 5*m - 10. Let c = 5 - q. What is the highest common factor of c and y?
10
Let h = 18 + -42. Let v = -16 - h. Suppose 0*g + 48 = 2*g. Calculate the greatest common factor of g and v.
8
Suppose -3*d = -2*g - 98, 0*d = 4*d + 2*g - 154. Let b be (-2)/(-5)*((4 - -126) + 5). What is the highest common factor of d and b?
18
Let g(y) = y**3 - 5*y**2 + 6*y - 1. Let h be g(4). What is the greatest common factor of 35 and h?
7
Let j be (1 + (-6)/9)*12. Suppose 0 = -2*x + 2. What is the greatest common factor of x and j?
1
Suppose 4*d = -i + 21, 11 - 29 = -3*i + 3*d. Let r = 13 - i. What is the greatest common factor of 8 and r?
4
Let q = -25 + 30. Calculate the highest common factor of 55 and q.
5
Let r = -13 + 15. Suppose 2*s - 15 = -r*l + 5, -l - 4*s = 5. What is the greatest common factor of l and 15?
15
Let k be 96/40 + (-3)/(-5). Let j be ((-64)/12)/((-2)/k). Let f = 18 + 6. Calculate the greatest common factor of j and f.
8
Let w = -25 - -57. Suppose -a - 8 = -w. Calculate the greatest common factor of a and 3.
3
Let g = 26 - 16. Calculate the greatest common factor of g and 90.
10
Let g = 10 - 6. Suppose -2*v + 36 + 67 = 3*u, -u = g*v - 41. What is the highest common divisor of u and 11?
11
Let b be -2 - -2 - (5 + -93). Suppose -3*w - 2*t = -32, -3*t - 2*t = 3*w - 44. What is the highest common divisor of b and w?
8
Suppose -b + 3*g = -32 - 16, 3*g = 5*b - 276. Suppose -2*h - 3*k + 23 = 0, -5*h - 6 + b = k. Calculate the greatest common factor of h and 15.
5
Suppose -3*h + 7*h - 16 = 0. Suppose -3*v - 68 = -h*j, 148 = -5*v - 3*j + j. Let l be (-20)/(-1)*(-21)/v. Calculate the greatest common factor of l and 120.
15
Let u = -14 - -36. Calculate the greatest common divisor of 22 and u.
22
Let l(p) = -3*p. Let u be (-16)/6*(-9)/(-6). Let v be l(u). Suppose 9 + v = 3*x. What is the highest common factor of 63 and x?
7
Let v = -5 + 3. Let z = 7 - v. What is the highest common factor of 72 and z?
9
Let x(q) = -q**3 + 8*q**2 - 6*q + 4. Let w be x(6). Let v = 56 - w. What is the highest common factor of v and 48?
16
Let n = -148 + -64. Let s be (0 - n/2) + -1. What is the highest common divisor of s and 15?
15
Let f = -4 - -9. Suppose -f*q = -5*u - 4*q + 33, 3*u - 15 = 3*q. Let m = u - 3. Calculate the highest common divisor of m and 36.
4
Suppose -24*n - 160 = -25*n. Calculate the greatest common factor of 32 and n.
32
Let y(n) = n + 33. Let x be y(6). Suppose 2*a = -4*v - 3 + 35, 2*a = v + 57. Calculate the greatest common factor of x and a.
13
Suppose -5*o + 40 = 4*t, -5*o - 6*t + 3*t = -35. Calculate the greatest common factor of 12 and o.
4
Let v be (3/(-2))/(1/(-10)). Let w be (-2)/((-16)/(-6) - 3). What is the highest common factor of v and w?
3
Let s(o) = o**2 - 2*o - 6. Let u be 4/8*-1*-12. Let k be s(u). Calculate the greatest common factor of k and 18.
18
Suppose -o = o - c - 19, 2*o - 28 = 4*c. Suppose 3*d = o*d - 55. Calculate the highest common divisor of 22 and d.
11
Suppose 4*i = 2*d, d + 4*d - 10 = 5*i. Suppose -i*k + 12 = 8. Calculate the greatest common divisor of 2 and k.
2
Let p = -9 - -12. Calculate the greatest common factor of p and 9.
3
Let z(m) = -5*m**3 - 4*m**2 + m. Let l be z(-3). Let j be 6/5*3/((-54)/(-240)). What is the highest common divisor of l and j?
16
Suppose -4*a + 9*a - 41 = -4*v, 4*a - v - 16 = 0. Suppose 2*x - x = a. Suppose -x*t + t = -400. What is the highest common factor of 20 and t?
20
Let b(z) = z**3 + 8*z**2 + 9. Let f be b(-8). Let t be 4/6*(-6)/4. Let m be t + -1 + 4 + 7. What is the greatest common divisor of f and m?
9
Suppose 0 = -0*r - 3*r - z + 8, -2*r - 3*z = 4. Suppose r*v - 194 = -66. Let q be 3/2*(-96)/(-9). Calculate the greatest common factor of v and q.
16
Let k = 54 - 27. Calculate the greatest common factor of 3 and k.
3
Suppose -q + 5*q - 52 = 0. What is the highest common factor of q and 91?
13
Suppose -7*j + 89 + 499 = 0. Calculate the highest common factor of 21 and j.
21
Let x(b) = -2*b + 2*b + 3*b. Let g be x(6). Calculate the greatest common factor of 72 and g.
18
Suppose n = w + 4*n + 2, 3*n = 2*w - 5. Let i be 4/(-8)*(w - -23). Let v = -7 - i. Calculate the greatest common divisor of v and 5.
5
Let r = 31 + 5. What is the highest common factor of 18 and r?
18
Let b be ((-4)/(-6))/((-4)/(-126) - 0). Calculate the greatest common divisor of b and 7.
7
Let w(p) = 2*p**2 + 14*p - 8. Let d be w(-8). Suppose -3*f = 2*f - 80. Calculate the highest common divisor of d and f.
8
Let c = 1 + 1. Let o(n) = 3*n + 4. Let t be o(4). Suppose -3*r + 2*r = -t. Calculate the greatest common factor of r and c.
2
Let f be 1/3*(-1 + 1). Suppose -3 = -f*m - m. Suppose -31 = 2*t - m*t - g, -3*t - 2*g + 90 = 0. Calculate the greatest common divisor of 4 and t.
4
Let l be (3/12)/(4/16). Let f be (1 + -5)*(-4)/l. Calculate the greatest common factor of 40 and f.
8
Let y(c) = 5*c - 3*c - 1 + 0*c + 2. Let s = -4 - -7. Let f be y(s). What is the greatest common divisor of 63 and f?
7
Let i(q) = -q**2 - q**3 + 0 - 